(1/t). Suppose 2*f - 167 = -53. What is the highest common divisor of h and f?
19
Let g(x) be the third derivative of x**4/24 + 4*x**3/3 + x**2. Let n be g(-6). Suppose -5*t + 3 = -n. Calculate the highest common divisor of 2 and t.
1
Let o = -8 - -74. Suppose -6 = 2*h - 3*h. What is the greatest common factor of o and h?
6
Let q = -37 + 51. What is the greatest common factor of q and 14?
14
Suppose 2*n + 4*w - 34 = 0, 0 = -3*w + 5 - 20. Calculate the highest common factor of n and 9.
9
Let l be (-78)/8*(-3 - 1). Suppose 9 + l = 4*z. What is the highest common factor of 60 and z?
12
Suppose -2*w + 13 + 16 = x, 2*w = -3*x + 35. Calculate the greatest common divisor of w and 65.
13
Suppose 7 = -5*c - 8. Let u = 7 + c. Let g = 38 + -22. What is the greatest common factor of g and u?
4
Let h = -17 + 18. Let j(m) = 3*m**2. Let u be j(h). Calculate the highest common divisor of u and 9.
3
Let x(h) = h**2 - 9*h + 11. Let p be x(8). What is the highest common divisor of p and 12?
3
Let q = -4 + 9. Suppose 2*n + q = 2*m - n, -5*n = 4*m - 65. What is the highest common factor of 50 and m?
10
Let w be 0 + (3 - -1)*-1. Let k = -36 - -48. Let b be (-3)/k - 29/w. What is the greatest common divisor of b and 14?
7
Let f be (70/(-8))/(3/(-12)). Let n(k) = -14*k**3 - k**2 - 2*k - 1. Let a be n(-1). Calculate the greatest common divisor of f and a.
7
Let r(j) = j**2 + 7*j - 12. Let m be r(-9). Calculate the greatest common factor of m and 6.
6
Let q be 2/6 - 38/6. Suppose -t + 6*t + 140 = 0. Let s = q - t. Calculate the highest common factor of 33 and s.
11
Suppose -29 = -5*r + 81. Suppose 2*c = -0*c + r. Calculate the highest common factor of c and 33.
11
Let u be (10/2)/((-2)/(-10)). Calculate the highest common divisor of 5 and u.
5
Suppose -3*l + 2*l = -6. Calculate the highest common divisor of l and 3.
3
Let z(i) = 5*i - 7. Let f be z(5). Let c = f + 4. Let d(t) = -29*t - 3. Let k be d(-2). Calculate the greatest common factor of c and k.
11
Let u = 114 - 107. Calculate the highest common factor of 7 and u.
7
Let h = 4 - -18. Suppose 2*x - 5*c = 16, -3*c - 10 = -4*x + h. What is the highest common divisor of 88 and x?
8
Suppose 352 = 5*v - v. Suppose -2*y = -6*y + v. What is the greatest common divisor of y and 2?
2
Let s = 16 - -17. Calculate the highest common divisor of s and 330.
33
Suppose 0 = i + 1, -5*g + 46 = -3*i + 2*i. Let f = 280 - 199. Calculate the highest common factor of f and g.
9
Suppose 4*b = -0*b - 8. Let w = b - -14. Let k = w + 2. What is the greatest common factor of k and 126?
14
Suppose 0 = -5*w + 3*v - 844, -5*w + 3*w - 2*v - 328 = 0. Let p = w - -239. Let s(k) = 2*k + 2. Let q be s(3). Calculate the highest common divisor of q and p.
8
Let g be (-6)/16 - 3381/(-56). Calculate the greatest common factor of g and 12.
12
Let s = -18 + 13. Let w be (36/15)/((-2)/s). Calculate the highest common divisor of w and 6.
6
Let a(y) = -2*y**3 + 3*y**3 + 4*y - y**3 + 2*y**3 - 5*y**2 - 3. Let f be 5 - (-5)/((-5)/2). Let q be a(f). What is the greatest common divisor of q and 45?
9
Suppose 5*x - l - 31 = 0, 0 = -3*x + l + 31 - 12. Let a(n) = 9*n + 6. Let f be a(x). What is the highest common factor of 10 and f?
10
Suppose 2*t - 105 = -3*j, -t - 4*j = t - 104. What is the highest common divisor of 9 and t?
9
Suppose 0 = s - 5 - 15. What is the highest common divisor of s and 50?
10
Let t(d) = 2*d**2 + 5*d - 5. Let r be t(2). What is the greatest common factor of 91 and r?
13
Suppose -l - 5*b = -0*l + 31, 2*l - 2*b + 2 = 0. Let k(p) = -2*p + 6. Let q be k(l). Let n = 9 - -3. Calculate the highest common divisor of q and n.
6
Let h be 6 + -7 + 3 + 1. Suppose -d + 880 = h*d. Calculate the greatest common factor of 20 and d.
20
Let t be 3/(4/((-12)/(-9))). Suppose 0 = 2*y + 116 + 6. Let d be t + 1 - (y - 0). What is the greatest common divisor of d and 7?
7
Let q be 12*(2 - 0)/4. Let f be (528/(-9))/((-2)/q). What is the greatest common factor of f and 22?
22
Let n = 25 - -38. What is the greatest common divisor of n and 21?
21
Suppose 3*l + 3*b - 15 = 0, 4*l + 0*b = -3*b + 16. What is the greatest common factor of 1 and l?
1
Let n = 158 - 153. Calculate the greatest common factor of 20 and n.
5
Suppose -5*j + 159 = -4*u - 273, u - 90 = -j. Calculate the highest common factor of j and 8.
8
Let w(u) = 2*u**2 - 4*u + 4. Let n be w(5). Let q be (-1426)/(-7) - 6/(-21). Suppose 3*k - q = -k. Calculate the highest common factor of k and n.
17
Suppose -5*o + 4*n + 15 = n, 2*o - 4*n = 6. Let d(w) = 3*w**3 - 3*w**o - w**2 - 2 + 3*w**3. Let f be d(2). What is the greatest common divisor of f and 9?
9
Suppose 0 = 3*l - 2*z - 19, z = 6*l - l - 27. Suppose -p = -l + 2. Let n(f) = 6*f + 2. Let i be n(p). Calculate the highest common divisor of 20 and i.
20
Suppose 2 = 3*j - 1. Let c = -25 + 33. Suppose 2*x + 2 = 2*a - c, 5*x = a + 7. Calculate the greatest common divisor of j and a.
1
Suppose -5*b + 77 = -133. Let o(k) = -2*k - 2. Let f be ((-4)/10)/((-2)/(-20)). Let w be o(f). Calculate the greatest common factor of b and w.
6
Let s be (2/6)/((-4)/(-204)). Calculate the greatest common divisor of s and 17.
17
Suppose 5*v + 439 = 4*k, -96 = -0*k - k + 4*v. What is the greatest common divisor of 29 and k?
29
Let d = -9 + 17. Suppose -4*h = -d*h + 80. Calculate the greatest common divisor of h and 30.
10
Let z be ((-4)/(-6))/((-24)/(-108)). Suppose n + z*n + 7 = r, 4*r - 28 = 3*n. What is the greatest common factor of r and 7?
7
Let b be (75/45)/(2/6). What is the greatest common factor of 40 and b?
5
Let z be (-42)/10 - 2/(-10). Let g be ((-16)/(-20))/(z/(-10)). What is the highest common divisor of g and 14?
2
Let w be 32/14 - 2/7. Suppose -4*y + 48 = -4*q, 13 = 2*y + q + 1. Let n = w + y. What is the highest common factor of 50 and n?
10
Let h = -16 + 32. Let y = 8 + -9. Let u(b) = 49*b**2 - 1. Let f be u(y). What is the greatest common factor of f and h?
16
Suppose 0 = -4*j + 2 + 2. What is the highest common factor of j and 9?
1
Suppose w - 3*x - 15 = x, -3*w + 3*x + 9 = 0. Let b be ((3 - 124)/1)/w. Suppose -4*q - l = -47, 0 = -3*l - 0 + 9. What is the greatest common factor of q and b?
11
Suppose -5*x + 1050 = i - 6*i, x = -i + 210. Calculate the highest common divisor of 30 and x.
30
Suppose 2*z + 3*x - 17 - 21 = 0, -3*z = 4*x - 58. Calculate the highest common divisor of 11 and z.
11
Let k = 89 - 50. What is the greatest common factor of 195 and k?
39
Let a = 10 + -4. Suppose 124 = 4*b + c, 3*c - c - 158 = -5*b. Calculate the highest common divisor of a and b.
6
Let p = -7 - -4. Let z be 1 + (p - 0) - -156. Calculate the greatest common factor of 14 and z.
14
Let i be 2/(-4) + (-28)/8. Let p be (-45)/(-6)*(6 + i). Calculate the highest common divisor of 5 and p.
5
Let p(z) = -7*z - 1. Let h(l) = -15*l - 2. Let v(r) = 2*h(r) - 5*p(r). Let s be v(3). Calculate the highest common factor of s and 8.
8
Let w be (-3)/(-3) + (-15 - -47). What is the highest common divisor of 44 and w?
11
Let b be (-2)/9 + (-272)/(-9). Let a = -5 - -9. Let k(q) = 2*q - 2. Let m be k(a). Calculate the greatest common divisor of b and m.
6
Let j = 23 + 1. What is the highest common divisor of 8 and j?
8
Let g = 4 + -4. Let h = -3 - g. Let f(d) = -4*d - 1. Let k be f(h). What is the highest common divisor of 99 and k?
11
Let w be (18/4)/((85/110)/17). Let t be 2/(-5) - (-57)/5. What is the greatest common factor of w and t?
11
Let q = -18 - -21. Calculate the highest common divisor of q and 2.
1
Suppose -k + 23 = 11. What is the greatest common factor of 24 and k?
12
Let n be (-299)/(-4) + (-5)/(-20). Calculate the highest common factor of 25 and n.
25
Suppose 5*x = 28 - 8. Suppose 0 = -x*i + 92 + 452. What is the greatest common factor of 17 and i?
17
Let r(v) = -v**2 - v + 2. Let g be r(2). Let z be (16/(-5))/(g/20). What is the highest common divisor of z and 48?
16
Let x(i) = i**2 + 5*i + 8. Let v be x(-2). Calculate the greatest common divisor of v and 16.
2
Suppose 3*n = k + 6*n - 27, -5*k = 3*n - 87. Calculate the greatest common factor of k and 6.
3
Suppose 0 = -3*j - 2*j + 50. Let o be 0 + -1 - (1 + 0). Let n be 92/3 + o/3. Calculate the highest common factor of n and j.
10
Suppose 65 = 6*u - 37. Suppose -2*v + 97 = -5*m, 4*v + 2*m = v + 155. What is the greatest common 